) = z**3 - 7*z**2 + 34*z - 177. Let l be s(6). Let m(d) = d**2 + 8*d + 12. Calculate m(l).
21
Suppose -18 = -32*j + 35*j. Let h(i) = -i**3 - 5*i**2 + 4*i - 14. Calculate h(j).
-2
Let w(n) = -n**3 - n**2 - n + 2. Let i = -17 + 19. Let k(c) = -3*c**3 - 4*c**2 - 3*c + 6. Let o(t) = i*k(t) - 7*w(t). Calculate o(0).
-2
Let i(u) = u**2 - 3*u. Let l be -1*1 - 5/10*-14. Calculate i(l).
18
Let q(l) = -7*l**2 + 13*l + 4. Let n(m) = -10*m**2 + 19*m + 6. Suppose 0 = g - 2*h - 5, -g - 3*g = 2*h - 30. Let k(x) = g*q(x) - 5*n(x). Calculate k(5).
3
Let s(g) = 3*g**2 + 5*g - 3. Let l(n) = n - 1. Let k(a) = -4*l(a) + s(a). Let r(q) = 5*q - 1. Let u be r(1). Let c = -5 + u. What is k(c)?
3
Suppose -3*w - 3*v - v + 43 = 0, -2*w = -5*v - 21. Let y(r) = -r**3 + 13*r**2 - r + 2. Give y(w).
-11
Suppose -o + 6*o = -35. Let t(y) = -103*y - 14 + 4 + 50*y + 51*y. Calculate t(o).
4
Let p(h) = -3*h - 6. Let v be p(-4). Let i(g) = -2 + 9 + 2 - g - v. Calculate i(3).
0
Let b(p) = 6*p**2 + p. Suppose 2*n + 5 = -g + 16, -g + 1 = 0. Let x = -1 + n. Suppose 3*w - 3 = 3*y, w - x*w - 11 = 4*y. Determine b(w).
5
Let t(r) = r**2 - 3*r + 3. Let i be t(2). Let a(n) be the first derivative of 9*n**2 - n - 156. Calculate a(i).
17
Let u(q) be the second derivative of q**8/2240 + q**7/1260 - q**5/60 + 3*q**4/2 - 3*q. Let b(w) be the third derivative of u(w). Calculate b(-2).
-18
Let j(o) be the third derivative of o**4/12 + o**3/6 + 3*o**2. Let g = 7 + -2. Determine j(g).
11
Suppose -4*f + 3 = -t, 1 = -2*f - 0*t + t. Suppose f*g - g - 4 = 0. Let v be -3 - 4*(-2)/g. Let s(b) = -3*b - 1. Give s(v).
2
Let i(h) be the first derivative of h**4/4 - 5*h**3 + 7*h**2 - h + 8. Determine i(14).
-1
Let x(o) = -24 + 10*o + 7 - 6*o**2 + 9*o**2 - 5*o**2 + o**2. What is x(8)?
-1
Let v(d) = -d - 2. Suppose -17 = -6*b + 9*b + 4*t, 5*b + 9 = 3*t. Calculate v(b).
1
Let t(o) = -o**2 + o. Let g(z) = -7*z**2 - 2*z - 5. Let u(v) = -g(v) + 6*t(v). Give u(-6).
-7
Let j = -200 + 206. Let d(q) = q**3 - 5*q**2 - 7*q + 6. Calculate d(j).
0
Let i(b) = 5*b**2 + 6*b**3 + 1 - 2*b**3 + 3*b - 3*b**3. Suppose -7*o - 92 = -71. Determine i(o).
10
Let s = -88 + 91. Let z(b) = -b**2 + 3*b - 1. Give z(s).
-1
Let a = -45 + 47. Let z(v) = 0*v**2 + 9 - 69*v**3 + 68*v**3 + v + 0*v**a. Give z(0).
9
Let v(b) = b**2 + 16*b + 15. Let t be v(-15). Suppose 8 + t = 4*m. Suppose 5*n + 21 = p, 3*p + 24 = -4*n + m*p. Let y(f) = f + 4. Calculate y(n).
-1
Let h(y) = -2*y. Let m(o) = -5*o - 30. Let k(x) = 14*x + 89. Let i(q) = 6*k(q) + 17*m(q). Let w be i(6). Let b be (-4 - w/(-4))*10. Calculate h(b).
-10
Let y(c) = 5*c**2 + c - 2. Let g = -290 - -291. Give y(g).
4
Let q be (-10)/20*(-24)/9. Let n(h) be the first derivative of 3 - 1/4*h**4 + h**2 - 2*h + q*h**3. Calculate n(4).
6
Suppose -z - d = -7, 5*z - z - 18 = -2*d. Let a(h) = -2*h**2 - z*h**2 + 0*h**2 + h + 5*h**2 + 14 + h**3. Calculate a(0).
14
Let o(s) = -s**2 - 2*s. Suppose 9*i + 360 = 72. Let u be i/24*6/4. Determine o(u).
0
Let o(f) = -7*f**2 + 3*f - 4. Let y(i) = 3*i**2 - i + 2. Let s = 26 - 21. Let n(g) = s*y(g) + 2*o(g). What is n(-2)?
4
Let v(h) = -h**3 + 2*h**2 + h. Let p(y) = -4*y**3 + 10*y**2 + 5*y - 7. Let s(f) = p(f) - 5*v(f). Give s(0).
-7
Let y(i) = 7*i. Let p(k) = -k + 5. Let u be p(3). Let w(n) = 2 + 0 + u*n - n - 1. Let b be w(0). What is y(b)?
7
Let k(v) = 16*v - 22*v - 19 + 0*v + 4*v. Calculate k(-11).
3
Suppose 0 = 59*v - 56*v. Let p(z) be the first derivative of z**3/3 + z**2/2 - 31*z + 2. Calculate p(v).
-31
Let m(l) = -l**2 + 4*l - 18. Let t(j) = 5*j**2 - 21*j + 94. Let g(k) = -11*m(k) - 2*t(k). Determine g(-5).
45
Let c = -2 - -4. Suppose 547 = 6*l - 89. Let s(f) = -16*f + 18*f - 105*f**2 + l*f**2 - 3. Determine s(c).
5
Suppose 4*k = 2*u + 18, u + 2*u + 19 = 2*k. Suppose -8*o - 10 + 26 = 0. Let g(q) = -4 + 0*q**2 + 3 + k*q**o - 1. What is g(-2)?
6
Let d be 2 - ((-20)/4 - 1). Let f(u) = u**2 - 7*u - 6. Determine f(d).
2
Let o(a) = 6*a**3 - 4*a**2 - 4*a - 4. Let h(w) = w**3 - w**2 - w. Let x(y) = -5*h(y) + o(y). Calculate x(0).
-4
Let p = -1832 + 1825. Let v(n) = 5*n + 27. Calculate v(p).
-8
Let k(c) = 4*c + 5. Suppose -21 = -6*f - 27. Give k(f).
1
Let n(c) = 1199*c**2 - 3*c + 2*c**3 - 600*c**2 - 600*c**2 - 1. Suppose q + 2*q = -6. Calculate n(q).
-15
Let b(s) = -s**3 + 22*s**2 + 3*s - 64. Let h be b(22). Let a(m) be the second derivative of 7/2*m**h + 0 - 1/3*m**3 - 2*m. Calculate a(5).
-3
Let m(o) = o + 5. Let h be m(-3). Let l be (1 - 1)/((-30)/(-15)). Suppose -3*u - 3 = 5*s - l*u, -h*s = -2*u + 14. Let k(v) = -v**2 + v + 4. Calculate k(s).
-8
Let p = -5 + 7. Suppose -4*j - 8 = 2*i - i, j = p*i - 11. Suppose -4 = -i*c - 32. Let x(f) = -f - 2. Give x(c).
5
Let q = -40 + 40. Let r(g) = 2*g**2 + 11 + g - 19 - g**2. Give r(q).
-8
Let h(l) = -l + 2 + 5*l + 0. Let j be 2/(-3)*(-99)/(-22). Determine h(j).
-10
Let k(i) be the second derivative of i**5/20 - i**4/2 - 7*i**3/6 + 5*i**2/2 + 26*i - 1. Let w be k(7). Let p(m) = -m**2 + 4*m - 3. What is p(w)?
-8
Let q(h) = 13*h + 1 + h**3 - 3*h + 4*h**2 + 0*h**3 + 0*h**3 + 4*h**2. Determine q(-4).
25
Let p(j) = 2*j - 5. Let i = -31 - -47. Let k = i + -21. Let h = 1 + k. Give p(h).
-13
Let s(g) = -3 + 1 - 28 + 24 + 3*g + g. What is s(8)?
26
Let p(x) = x + 1. Let v(a) = 2. Let y(l) = p(l) - 2*v(l). Calculate y(5).
2
Let n(c) be the first derivative of 3*c**2/2 + 6*c + 4. Suppose 19*y - 8 = 21*y. Calculate n(y).
-6
Suppose 5*o + 15 = 45. Let r = 1 - o. Let h(q) = q**2 + 5*q + 5. Determine h(r).
5
Let b be 1 + -2*1/(-2). Let j(a) = 3*a**2 - 5*a**2 + 37*a - 18*a - 17*a. What is j(b)?
-4
Suppose 2*x = 20 - 16. Let r(j) = -2*j**2 + j**x - 3*j + 7*j + 0 + 1. Give r(6).
-11
Let m(o) be the third derivative of o**7/1680 - o**6/90 + o**5/5 - 8*o**2. Let i(n) be the third derivative of m(n). Let x = -6 + 12. Calculate i(x).
10
Let q(y) = y**2. Suppose 2*g = -m, 4*m = 2*g + 9*m - 16. Give q(g).
4
Let k(s) be the first derivative of s**2 + 11*s - 4. Let b(u) = 63*u + 117. Let t be b(-2). Determine k(t).
-7
Let o(r) = 4*r + 4. Let h be o(-2). Let j be (-3 - -2)*-8*h/(-8). Let b(x) = -3*x**3 - x + 2*x**3 + 2*x**2 + 2*x**2. What is b(j)?
-4
Let b = 8 + 40. Suppose -5*j - 28 = -b. Let h(k) = -3*k - 8 + 7*k - 3*k. Determine h(j).
-4
Let z(a) = -a**2 + 3*a - 6. Let h(j) = 11 + 3*j**2 - 3 + 5 - 9*j + 5. Let l(y) = 4*h(y) + 11*z(y). Calculate l(4).
10
Let a(r) = 7 + 3*r**2 + 5*r - 12*r - 5*r**2 + r**2. What is a(-5)?
17
Let r be 0/(-2) - -5*1. Suppose m - 1 = -p, 4*m + r*p = m - 5. Let z(a) = 236536 + 0*a - 5*a**2 - 236539 + a**3 + 2*a. Give z(m).
7
Let y(w) = -2 + w - w**2 + 3*w**2 - 4*w**2. Let a = -3226 + 3228. What is y(a)?
-8
Let s(p) = -p**3 + p**2 - p + 3. Suppose -3*o = -2*n + 30, 4*n - 92 = -o - o. Suppose 43 = 4*x - n. Let a = x + -16. What is s(a)?
3
Let k = 22 - 18. Suppose 5*m = -l + 51, 5*l - l - k = 0. Let p = 13 - m. Let n(a) = a**2 - 7*a + 1. Calculate n(p).
-11
Let a(j) = -25*j**2 - 2*j + 5 - 8 + j**3 + 2 + 20*j**2. What is a(5)?
-11
Let m = -12 + 20. Suppose -4*h = 12 + m. Let g(x) = 7*x + 0*x - 9*x + 4*x - 2. Determine g(h).
-12
Let n be (1 - 2)/(4/(-124)). Let i = -30 + n. Let a(c) = 14*c - 1. Calculate a(i).
13
Let j be 9 + -2 - (-1 - -1). Suppose -5*y + 0*i + 8 = -2*i, 0 = -2*y - 3*i + 7. Let a(z) = -3 - z + z**y - 5*z - z + 1. Give a(j).
-2
Suppose 5*d - 22 = -7. Suppose -w + d*v + 2 = 0, -4*v + v = 4*w - 8. Suppose 0 = -w*j - 2*j - 20. Let l(i) = -2*i + 3. Determine l(j).
13
Let y(i) = -i**3 + 7*i**2 - i + 8. Suppose 0 = -5*k + 3*k + p + 32, 0 = k - 5*p - 7. Let a = k - 10. What is y(a)?
1
Let r(h) = 2*h**3 + h**2 - 2*h - 3. Let n(t) = t**3 + t**2 - t - 2. Let i(a) = -n(a) + r(a). Determine i(-1).
-1
Let w(l) = l + 2*l + 3*l - l**2 + 2*l - 6 + 1. Give w(7).
2
Let v = -1469 + 1472. Let o(p) = p**2 + 2*p - 3. Let d(c) = -c + 1. Let j(h) = 5*d(h) + o(h). Determine j(v).
2
Suppose -2*l + 5 = -l. Let h(f) be the third derivative of f**5/60 - f**4/6 + f**3/6 + f**2 + 13. Calculate h(l).
6
Suppose 5*c = 3*o - 32, 0 = -3*c - o + 4*o - 24. Let g(d) = -d**3 - 5*d**2 - 6*d - 6. Calculate g(c).
2
Let g(z) = -124*z - 14 - 19 + 45 + 126*z. Determine g(18).
48
Let l(p) = p + 4. Suppose 15 = 3*r + 5*v - 11, -r + 3*v = -4. Determine l(r).
11
Let t be 0 + 22 + 36/(-6). Let c(b) = -b + 6. Calculate c(t).
-10
Let r(q) be the second derivati